, -2*q + 216 = -4*y. What is the units digit of q?
4
What is the units digit of (-6)/((-1961)/(-2470) - 48/60)?
8
Let s be (0/(0 + -1))/2. What is the tens digit of (s + 8/6)*15?
2
Suppose t + 3*y - 410 = 0, 8*t - 6*t - 2*y - 860 = 0. What is the hundreds digit of t?
4
Let u be 3/3 + 40 + -2. Suppose -2*z - z + u = -5*r, 0 = -3*z + 3*r + 33. Let s = -2 + z. What is the units digit of s?
6
Let n(q) = -9*q + 7. Let k(b) = 9*b - 6. Let c(i) = -4*k(i) - 5*n(i). Let f be c(6). Let s = -26 + f. What is the units digit of s?
7
Let u = 705 - 516. What is the hundreds digit of u?
1
Let u = 121 + -83. What is the units digit of (-19 + 13)*u/(-12)?
9
Let z(f) = -6*f - 6. Let h be z(-1). Suppose h = -v + 199 + 8. What is the tens digit of v?
0
Let z = -33 - -27. Let g = 78 + -50. Let t = g + z. What is the units digit of t?
2
Let a be (60/18)/((-2)/6). What is the units digit of 24/a*(-1 - 14)?
6
Let l be -5 + 5 - (-4 - -1). Suppose 4*j - l*g = -5 + 143, 0 = -3*g + 6. What is the units digit of j?
6
Suppose -17*t - 800 = -3*k - 16*t, -5*k - t + 1336 = 0. What is the units digit of k?
7
What is the hundreds digit of 5019 + (0*8/32)/1?
0
Suppose 3*u + 12 = 0, -t = -u - 269 - 482. What is the units digit of t?
7
Let q be (-66)/10 - 4/10. Let h be 4/q*(-42)/12. What is the tens digit of (-181)/(-7) + h/14?
2
Let g = -282 - -110. Let k = g + 241. What is the units digit of k?
9
Suppose -290 = -2*r - 4*q, -2*q - 206 - 261 = -3*r. Suppose -5*v + 2*v - r = 0. Let a = -25 - v. What is the units digit of a?
6
Suppose 36 = 2*q - 22. Let t = q - 57. Let g = 52 + t. What is the tens digit of g?
2
Let n = 1175 - -1515. What is the hundreds digit of n?
6
Suppose 5*z - 4 = 7*z. What is the units digit of (-2667)/(-33) + z*(-2)/22?
1
Suppose 8*r + 119 + 25 = 0. Let b(l) = l**3 + 18*l**2 + l + 40. What is the units digit of b(r)?
2
Let a be (-45)/(-10) + (-2)/4. Let d be 546/4*(a - 2). Suppose 5*x - 3*b - d = -0, -x + 2*b = -49. What is the units digit of x?
7
Let h(c) = -c**2 + 63*c - 46. What is the hundreds digit of h(45)?
7
Suppose -6*u + 3*u + 1728 = 0. What is the units digit of u?
6
Let x = 120 - 118. Let h = -86 + 143. Suppose -x*a - 9 + h = 0. What is the units digit of a?
4
Suppose 0 = -826*p + 814*p + 7332. What is the units digit of p?
1
Let k(x) = 19*x**3 + x**2 - 2*x + 1. Let o(r) = 4*r - 6. Let l(n) = 3*n - 5. Let h(i) = 3*l(i) - 2*o(i). Let q be h(4). What is the units digit of k(q)?
9
Let y(i) = -16*i - 27. Suppose 10 = 4*l + 30. What is the tens digit of y(l)?
5
Let l = -2 - -5. Suppose 2*c - 6 = 5*c, -3*j = 5*c - 629. Suppose 2*t = -5*f + j, -120 = -l*f + t + 10. What is the tens digit of f?
4
What is the hundreds digit of (1470/(-9))/(14/(-42))?
4
Let k(n) = 17*n**2 - 10*n - 1. What is the tens digit of k(-5)?
7
Let j(g) = -107*g**3 + g**2 - g - 1. Let s be j(-1). Suppose 5*p = p + s. What is the units digit of p?
7
Let l(a) = -968*a - 21. What is the units digit of l(-1)?
7
Suppose -5*x + 25 = -n, 0*x + 2*x = -n - 4. Let q be (-2)/5 + (-24)/n. Suppose -c = -5*r + 7, -3*c - 16 = -7*c - q*r. What is the units digit of c?
3
Suppose -6*n - 6048 = -20*n. What is the hundreds digit of n?
4
Suppose 2759 - 8415 = -8*q. What is the hundreds digit of q?
7
Let w = -33 + 39. Let g = w + 68. What is the units digit of g?
4
Suppose -l = -2*l - 3*a + 713, 3*l - 2153 = 5*a. What is the units digit of l?
6
Suppose -15330 = -431*w + 416*w. What is the units digit of w?
2
Let j(h) be the second derivative of h**4/12 + h**3/6 + h**2 + 3*h. What is the tens digit of j(5)?
3
Suppose -2*u = -f - 8768, -f - 4377 = -u - 4*f. What is the units digit of u/45 + 9/15?
8
Suppose 14*c = 30476 - 4268. What is the hundreds digit of c?
8
Let s be -15 + 13 + 0 + -60. Suppose 2 = 2*i - m, 5 + 2 = 5*i - 2*m. Let b = i - s. What is the tens digit of b?
6
Let q(g) be the first derivative of g**4/4 - 2*g**3 - 3*g**2/2 - 6*g - 9. Let r be q(7). Suppose -2*j = -76 - r. What is the units digit of j?
9
Suppose 0*m + 849 = 4*m - 5*o, 2*m - 4*o = 420. Suppose 496 = -0*i + 5*i - j, -2*i - 4*j = -m. What is the units digit of i?
0
Let u(v) = 3*v**2 + 4*v + 15. Suppose 28 - 7 = -3*t - 2*y, -y - 3 = 0. What is the units digit of u(t)?
0
Let p be 0/(-1) - 18/6. Let w = 35 - 2. What is the tens digit of w + -1 - (p + 5)?
3
Suppose -4*s = -0*s - 5*z - 755, 2*s = -2*z + 382. What is the units digit of s?
0
Suppose 7*y - 2*y = 3*k + 1499, 3*k = -5*y + 1511. What is the units digit of y?
1
Let f(o) = o**3 - 14*o**2 + 13*o + 2. Let r be f(13). Let t be (-1 - r)*1*-68. Suppose 0*u = 3*p + 3*u - 204, -3*p + 5*u + t = 0. What is the tens digit of p?
6
Let q(l) = -44*l. Let f be q(1). Let i be f/8 + (-2)/4. What is the tens digit of 4/(-2)*177/i?
5
Let s(w) = -2*w - 3 + w**3 + 6*w - w**2 + 2*w - 3*w. What is the units digit of s(3)?
4
Let i = 39 - 37. Suppose i*l + 192 = 5*x - x, 0 = -3*l - 12. What is the tens digit of x?
4
Suppose -46*h + 3576 = -38*h. What is the tens digit of h?
4
Let u = -71 - -98. Suppose -u + 7 = -5*z. What is the units digit of z?
4
Suppose -2*k + k = 0, 0 = -4*f + 5*k + 12. What is the units digit of (-2)/f*(-1785)/34?
5
Let d be ((-30)/(-20))/(3/(-4)). Let y be 1/d*(-51 + -1). Let o = 39 - y. What is the units digit of o?
3
Suppose -19*y + 5957 + 11713 = 0. What is the hundreds digit of y?
9
What is the units digit of (6*-3*-16)/(387/258)?
2
Let c(d) = d - 1. Let n(j) = -1. Let f(b) = -3*c(b) - n(b). Suppose w = h - 4, 7*h - 3*h + 11 = -5*w. What is the tens digit of f(w)?
1
Suppose 4*y - 53 = -5*u, 2*y - 7*u + 2*u + 11 = 0. Suppose 57 = 3*p + 4*n - y, -4*p - 3*n = -97. What is the tens digit of p?
2
Suppose -2*a - 29 = -4*c + 13, -a = 4*c - 9. Let l(q) = -5*q - 6. What is the tens digit of l(a)?
4
What is the tens digit of 20/(-8*8/(-128))?
4
Let c = -20 - -30. What is the units digit of (-5)/2*(-136)/c?
4
Suppose -4*s = -5*t - 1456 - 1636, 4*t = -4*s + 3092. What is the units digit of s?
3
What is the thousands digit of (-1454311)/(-861) - (-2)/(-21)?
1
Suppose -4*k + 213 = t, 5*t = 2*k - 178 + 55. Suppose 2*m - k = -m. What is the units digit of m?
8
Suppose -18 = v - 24. Let r(p) = -p**3 + 8*p**2 + p - 8. What is the tens digit of r(v)?
7
Let h(y) be the first derivative of y**3/3 - 3*y**2 + y - 1. Suppose 3*j = j + 16. What is the tens digit of h(j)?
1
Let t(v) = -v + 1. Let a = 19 + -10. Let g = 1 - a. What is the units digit of t(g)?
9
Let t = 7419 - 4116. What is the thousands digit of t?
3
Suppose -5*q - 2*t - 40 = 0, 15 + 0 = -3*t. What is the units digit of (-137)/((-1 - q) + -6)?
7
Let u = 3 - 12. Let w be -11 - 224/(-21) - (-76)/3. Let f = u + w. What is the units digit of f?
6
Let f = -461 + 1645. What is the tens digit of f?
8
Suppose 5*j - 4*f + 7 = 0, 0 = -4*j + 5*f - 3*f - 2. Let h(u) = 115*u**2. What is the tens digit of h(j)?
1
Suppose 15*n - 1052 - 2593 = 0. What is the tens digit of n?
4
Let j(x) = 2*x**3 - x**3 - 2*x**2 + x**2 - 2*x. Let o = -6 - -9. What is the tens digit of j(o)?
1
What is the thousands digit of ((-64)/48)/(4/6)*-638?
1
Let r(a) = -12*a - 1. Suppose 4*z + 16 = -8. What is the units digit of r(z)?
1
Let p(j) = 34*j**2 - 26*j + 12. What is the hundreds digit of p(5)?
7
Suppose -25 = -4*f - n, 3*n + 3 = 5*f - 24. Suppose 0 = 3*u + f - 15. What is the units digit of (u/3)/(2/114)?
7
Let y(d) be the third derivative of -5*d**6/24 + d**5/30 - 2*d**3/3 + 19*d**2. What is the tens digit of y(-2)?
0
Let p(j) = -j**2 + 31*j + 19. What is the tens digit of p(21)?
2
Suppose -19 = -5*d - 4. Suppose 3*q = -d*v + 96, -4*v - q + 94 = -19. What is the units digit of v?
7
Let m = -7 + 12. Let b be (-17)/(((-25)/60)/m). Suppose -4*x + 7*x - b = 0. What is the tens digit of x?
6
Suppose -u + 5*u = -116. Let h = u - -56. What is the tens digit of h?
2
Suppose -5698 = -15*q + 6182. What is the units digit of q?
2
Suppose -3*v + 2*t + 6990 - 90 = 0, -3*v + 6900 = -t. What is the hundreds digit of v?
3
Let s(m) = -m**3 + 4*m**2 + 6*m + 7. Let q be (-5 + 1)*60/16. Let l be (q*(-1)/3)/1. What is the tens digit of s(l)?
1
Let v(o) = -5*o + 10. Let y(j) = 9*j - 20. Let b(l) = -7*v(l) - 4*y(l). Let m = 40 + -35. What is the units digit of b(m)?
5
Let q(x) = -2*x + 33. Let p(o) = o - 17. Let r(t) = -11*p(t) - 6*q(t). Let h be r(13). What is the units digit of h*1*(-23)